 digit of 601933?
3
What is the hundreds digit of 2868174?
1
What is the ten thousands digit of 3653995?
5
What is the ten thousands digit of 5334341?
3
What is the tens digit of 602413?
1
What is the units digit of 678469?
9
What is the ten thousands digit of 640488?
4
What is the units digit of 13583600?
0
What is the units digit of 162784?
4
What is the hundred thousands digit of 1236473?
2
What is the hundred thousands digit of 497965?
4
What is the tens digit of 13451536?
3
What is the ten millions digit of 10015975?
1
What is the hundreds digit of 319526?
5
What is the tens digit of 628850?
5
What is the hundred thousands digit of 464963?
4
What is the thousands digit of 259912?
9
What is the thousands digit of 379703?
9
What is the millions digit of 2538604?
2
What is the millions digit of 2543020?
2
What is the hundreds digit of 13792721?
7
What is the ten thousands digit of 29855738?
5
What is the millions digit of 28936924?
8
What is the units digit of 7733817?
7
What is the ten thousands digit of 5247625?
4
What is the hundreds digit of 110445?
4
What is the millions digit of 18567435?
8
What is the ten thousands digit of 1346299?
4
What is the tens digit of 1229931?
3
What is the ten thousands digit of 1268478?
6
What is the hundreds digit of 336718?
7
What is the ten thousands digit of 1958607?
5
What is the hundred thousands digit of 152244?
1
What is the hundred thousands digit of 1872353?
8
What is the units digit of 128341?
1
What is the hundreds digit of 5585075?
0
What is the ten millions digit of 10599238?
1
What is the hundred thousands digit of 190831?
1
What is the hundreds digit of 119933?
9
What is the thousands digit of 5224163?
4
What is the hundred thousands digit of 280350?
2
What is the tens digit of 8646844?
4
What is the hundred thousands digit of 574183?
5
What is the hundred thousands digit of 20123374?
1
What is the thousands digit of 3085731?
5
What is the tens digit of 2322217?
1
What is the tens digit of 18594159?
5
What is the tens digit of 3037664?
6
What is the ten thousands digit of 261963?
6
What is the ten millions digit of 11369060?
1
What is the hundreds digit of 3971277?
2
What is the tens digit of 3786415?
1
What is the tens digit of 555113?
1
What is the ten thousands digit of 1926645?
2
What is the millions digit of 33993662?
3
What is the tens digit of 45008?
0
What is the tens digit of 937675?
7
What is the tens digit of 3606987?
8
What is the hundreds digit of 1018792?
7
What is the units digit of 518561?
1
What is the hundred thousands digit of 10061434?
0
What is the hundreds digit of 389595?
5
What is the hundreds digit of 1933255?
2
What is the thousands digit of 13691107?
1
What is the hundreds digit of 96456?
4
What is the ten thousands digit of 586715?
8
What is the units digit of 949014?
4
What is the units digit of 51633?
3
What is the tens digit of 3675460?
6
What is the hundred thousands digit of 930178?
9
What is the hundred thousands digit of 712147?
7
What is the ten thousands digit of 2652484?
5
What is the thousands digit of 18719262?
9
What is the ten thousands digit of 11751728?
5
What is the tens digit of 1012685?
8
What is the units digit of 20772?
2
What is the hundreds digit of 6203746?
7
What is the hundred thousands digit of 741942?
7
What is the units digit of 34030941?
1
What is the units digit of 23704?
4
What is the thousands digit of 28637?
8
What is the thousands digit of 1847411?
7
What is the millions digit of 3366277?
3
What is the units digit of 1402223?
3
What is the units digit of 109054?
4
What is the units digit of 39773197?
7
What is the hundred thousands digit of 122391?
1
What is the millions digit of 5273711?
5
What is the tens digit of 2789004?
0
What is the units digit of 6485?
5
What is the tens digit of 786324?
2
What is the hundreds digit of 6688899?
8
What is the tens digit of 5142241?
4
What is the ten thousands digit of 33977447?
7
What is the thousands digit of 727323?
7
What is the tens digit of 455247?
4
What is the hundred thousands digit of 6588761?
5
What is the tens digit of 5512790?
9
What is the tens digit of 32149?
4
What is the tens digit of 7134892?
9
What is the ten thousands digit of 31399864?
9
What is the ten thousands digit of 4683597?
8
What is the ten thousands digit of 159104?
5
What is the units digit of 1012708?
8
What is the millions digit of 1815446?
1
What is the thousands digit of 404827?
4
What is the millions digit of 2313396?
2
What is the tens digit of 38239983?
8
What is the hundreds digit of 187569?
5
What is the units digit of 6720396?
6
What is the units digit of 217610?
0
What is the millions digit of 18549408?
8
What is the ten millions digit of 38147528?
3
What is the millions digit of 1339210?
1
What is the tens digit of 760174?
7
What is the tens digit of 175523?
2
What is the thousands digit of 585091?
5
What is the thousands digit of 11136467?
6
What is the units digit of 245962?
2
What is the thousands digit of 1158624?
8
What is the thousands digit of 1184095?
4
What is the units digit of 157471?
1
What is the thousands digit of 6973677?
3
What is the hundreds digit of 3153669?
6
What is the tens digit of 259571?
7
What is the units digit of 4085453?
3
What is the thousands digit of 1507323?
7
What is the hundreds digit of 2759621?
6
What is the hundred thousands digit of 457857?
4
What is the tens digit of 5597238?
3
What is the hundred thousands digit of 3519768?
5
What is the millions digit of 2961547?
2
What is the ten thousands digit of 13310098?
1
What is the ten thousands digit of 15411?
1
What is the thousands digit of 827540?
7
What is the ten millions digit of 13978759?
1
What is the ten thousands digit of 91032?
9
What is the hundred thousands digit of 325216?
3
What is the hundreds digit of 6890484?
4
What is the thousands digit of 100605?
0
What is the hundreds digit of 841815?
8
What is the thousands digit of 1841054?
1
What is the hundred thousands digit of 4821598?
8
What is the hundreds digit of 104119?
1
What is the hundred thousands digit of 18812172?
8
What is the thousands digit of 967855?
7
What is the tens digit of 764994?
9
What is the ten thousands digit of 5972531?
7
What is the hundred thousands digit of 6842512?
8
What is the hundred thousands digit of 296360?
2
What is the units digit of 178896?
6
What is the hundreds digit of 753794?
7
What is the hundred thousands digit of 1424044?
4
What is the tens digit of 116268?
6
What is the units digit of 331186?
6
What is the thousands digit of 3491569?
1
What is the tens digit of 4775042?
4
What is the units digit of 248131?
1
What is the ten thousands digit of 964785?
6
What is the hundred thousands digit of 672452?
6
What is the hundred thousands digit of 23979444?
9
What is the tens digit of 13698569?
6
What is the thousands digit of 572336?
2
What is the hundred thousands digit of 1295910?
2
What is the ten thousands digit of 20787?
2
What is the hundred thousands digit of 160379?
1
What is the units digit of 13999120?
0
What is the hundred thousands digit of 3142707?
1
What is the millions digit of 3193134?
3
What is the thousands digit of 196060?
6
What is the tens digit of 1231982?
8
What is the units digit of 645532?
2
What is the units digit of 2460326?
6
What is the thousands digit of 392145?
2
What is the ten thousands digit of 471766?
7
What is the units digit of 2120140?
0
What is the ten thousands digit of 76191?
7
What is the millions digit of 3649147?
3
What is the tens digit of 1879904?
0
What is the units digit of 108003?
3
What is the thousands digit of 1086240?
6
What is the hundred thousands digit of 1644545?
6
What is the ten thousands digit of 138732?
3
What is the units digit of 22957083?
3
What is the ten millions digit of 11757535?
1
What is the thousands digit of 24575958?
5
What is the hundreds digit of 71030?
0
What is the hundreds digit of 1587950?
9
What is the hundred thousands digit of 562400?
5
What is the tens digit of 127274?
7
What is the thousands digit of 211988?
1
What is the hundreds digit of 609890?
8
What is the thousands digit of 76359?
6
What is the hundred thousands digit of 14378646?
3
What is the ten thousands digit of 208844?
0
What is the tens digit of 654043?
4
What is the